{"id":68,"date":"2021-11-19T22:19:55","date_gmt":"2021-11-19T22:19:55","guid":{"rendered":"http:\/\/uecvalltenes.com\/web\/?page_id=68"},"modified":"2021-11-22T21:42:11","modified_gmt":"2021-11-22T21:42:11","slug":"tomb-per-loriental-valles","status":"publish","type":"page","link":"http:\/\/uecvalltenes.com\/web\/tomb-per-loriental-valles\/","title":{"rendered":"TOMB PER L&#8217;ORIENTAL VALL\u00c8S"},"content":{"rendered":"\n<p><a href=\"http:\/\/uecvalltenes.com\/web\/2021\/etapa1-tomb\/\" target=\"_blank\" rel=\"noreferrer noopener\">Inscripcions Etapa 1 Obertes 28\/11\/2021<\/a><\/p>\n\n\n\n<div class=\"wp-block-image\"><figure class=\"aligncenter size-large is-resized\"><img loading=\"lazy\" decoding=\"async\" src=\"http:\/\/uecvalltenes.com\/web\/wp-content\/uploads\/2021\/11\/IMG-20211122-WA0001-1-1024x1017.jpg\" alt=\"\" class=\"wp-image-86\" width=\"308\" height=\"305\"\/><\/figure><\/div>\n\n\n\n<p class=\"has-large-font-size\"><strong>PRESENTACI\u00d3<\/strong><\/p>\n\n\n\n<p>El <strong>Tomb per l\u2019Oriental Vall\u00e8s (TOV)<\/strong>, \u00e9s un repte excursionista amb el suport d&#8217;entitats p\u00fabliques i privades, format per un seguit de caminades matinals a peu, tipus travessa, no competitives, organitzada en m\u00e9s de 25 etapes, iniciant-se la 1a. etapa, el diumenge, dia 28 de novembre de 2021, \u00a0dins dels actes programats del DIA INTERNACIONAL PER A L\u2019ELIMINACI\u00d3 DE LA VIOL\u00c8NCIA ENVERS LES DONES &#8211; 25 de novembre- i que tindr\u00e0 continu\u00eftat en diumenges, celebrant-se peri\u00f2dicament, cada dos mesos, amb alguna excepci\u00f3, \u00a0configurant una gran volta per la comarca del Vall\u00e8s Oriental.<\/p>\n\n\n\n<p>Cada etapa tindr\u00e0 una distancia de 10 a 14 kms, un desnivell positiu aprox. de 300 a 500m. (gran part de les etapes) &nbsp;i de 600 a 800m. (etapes dels sectors del Pic del Vent, Cingles de Bert\u00ed, Mass\u00eds del Montseny, el Montnegre, el Corredor, Sant Mateu, la Serra de Marina, i la Serra de la Conreria), una valoraci\u00f3 de dificultat f\u00e0cil o moderada, en funci\u00f3 del relleu de la zona,&nbsp; i oberta a la participaci\u00f3 de tothom que li agradi la pr\u00e0ctica de l\u2019excursionisme &nbsp;i&nbsp; la natura, habituades a caminar de 3 a 4 hores.<\/p>\n\n\n\n<p>El recorregut permetr\u00e0 realizar una gran volta per la comarca del Vall\u00e8s Oriental resseguint els camins i senders, molts d\u2019ells degudament senyalitzats i homologats (SL, PR i GR), corriols i voreres de carrers de molts dels municipis que configuren la nostra comarca del Vall\u00e8s Oriental. Es un Tomb a peu de descoberta, que recorre trams de camins fluvials de rius i torrents de la conca del Bes\u00f2s-Tordera, de valls, turons, carenes i cims emblem\u00e0tics de la comarca que permetran con\u00e8ixer el patrimoni, geol\u00f2gic, hist\u00f2ric, natural, faun\u00edstic, etc\u2026d\u2019aquest entorn del nostre pa\u00eds.<\/p>\n\n\n\n<p class=\"has-large-font-size\"><strong>NORMATIVA<\/strong><\/p>\n\n\n\n<p>1.-Les persones participants han de dur cal\u00e7at i roba adequada per caminar de 3 a 4 hores, esmorzar i l\u00edquid per hidratar-se.<\/p>\n\n\n\n<p>2.-L\u2019Organitzaci\u00f3 no es fa responsable dels accidents que es puguin esdevenir en el transc\u00f3rrer de la Caminada, si b\u00e9 vetllar\u00e0 per tal d\u2019evitar-los.<\/p>\n\n\n\n<p>3.-L\u2019Organitzaci\u00f3 facilitar\u00e0 a les persones participants amb els preus d\u2019inscripci\u00f3 de cada etapa, un servei de transport d\u2019autocar d\u2019anada i tornada, amb excepci\u00f3 de la primera i \u00faltima etapa, que nom\u00e9s hi haur\u00e0 un servei de transport; una asseguran\u00e7a d\u2019accidents temporal d\u2019un dia pel Tomb Oriental Vall\u00e8s per a les persones que participin no federades; i el guiatge del recorregut establert en cada etapa.<\/p>\n\n\n\n<p>4.-<strong>L\u2019hora i lloc de trobada ser\u00e0 a les 7:45h a determinar en cada etapa. <\/strong>&nbsp;El despla\u00e7ament de retorn de cada etapa es far\u00e0 en autocar, i el lloc de parada ser\u00e0 a Lli\u00e7\u00e0 d\u2019Amunt, a l\u2019Institut de Lli\u00e7\u00e0, al costat del camp de futbol.<\/p>\n\n\n\n<p>5.-Tota la informaci\u00f3 del Tomb Oriental Vall\u00e8s per etapes, la podreu consultar al web de l\u2019Organitzaci\u00f3: <a href=\"http:\/\/www.uecvalltenes.com\">www.uecvalltenes.com<\/a><\/p>\n\n\n\n<p class=\"has-large-font-size\"><strong>INSCRIPCIONS<\/strong><\/p>\n\n\n\n<p>6.-Cal fer la inscripci\u00f3 anticipada al compte de l\u2019oficina del BBVA: ES29 0182 3561 0202 0165 8919 i enviar el full d\u2019ingr\u00e9s i les dades seg\u00fcents (Nom, Cognoms, N\u00ba. de D.N.I.  i Tel\u00e8fon ) a l\u2019adre\u00e7a electr\u00f3nica: <a href=\"mailto:uecvalltenes@gmail.com\">uecvalltenes@gmail.com<\/a>.<\/p>\n\n\n\n<p>7.-<strong>PLACES LIMITADES<\/strong>. El termini per fer les inscripcions de cada etapa, ser\u00e0 EL DIJOUS abans de la sortida. El l\u00edmit de places estar\u00e0 subjecte a la capacitat del o dels Bus, podent-se tancar el termini d\u2019inscripcions abans.<\/p>\n\n\n\n<p>&nbsp;<strong>IMPRESCINDIBLE<\/strong> haver fet l\u2019ingr\u00e9s pertinent i\/o confirmar l\u2019assist\u00e8ncia de les persones participants, amb les dades sol.licitades, al correu electr\u00f2nic facilitat per l\u2019Organitzaci\u00f3.<\/p>\n\n\n\n<p>8.-Les persones participants de menys de 16 anys, han d\u2019anar acompanyades de c\u00f2njuge o persona adulta o de persona tutora.<\/p>\n\n\n\n<p>9.-<strong><u>IMPORTANT:<\/u><\/strong> Atesa la situaci\u00f3 actual, l\u2019activitat estar\u00e0 subjecte a la normativa COVID-19. Les persones participants es comprometen a respectar-la, cumplir amb els protocols establerts en cada moment i seguir les indicacions de l\u2019Organitzaci\u00f3. Caldr\u00e0 l\u2019\u00fas obligatori de la mascareta en determinades situacions, i mantenir la dist\u00e0ncia de seguretat.<\/p>\n\n\n\n<p class=\"has-large-font-size\"><strong>PREUS<\/strong><\/p>\n\n\n\n<p>10.-Els preus d\u2019inscripci\u00f3 per persona participant ser\u00e0 el seg\u00fcent:<\/p>\n\n\n\n<p>&#8211;<strong><u>PREU DE CADA ETAPA:<\/u><\/strong> &nbsp;&nbsp;(inclou servei de despla\u00e7ament en autocar+ asseguran\u00e7a d\u2019accidents temporal del dia per les persones no federades+guiatge de cada etapa):<\/p>\n\n\n\n<p><strong>&nbsp;&nbsp;&nbsp;&nbsp; PERSONA : MENOR (-18 anys) o SOCI-A UEC o FEDERADA FEEC &nbsp;= &nbsp;A determinar en funci\u00f3 de cada etapa.<\/strong><\/p>\n\n\n\n<p>&nbsp;&nbsp;&nbsp;&nbsp; <strong>PERSONA : ADULTA (+18 anys), NO SOCIA UEC I NO FEDERADA FEEC&nbsp; =&nbsp; A determinar en funci\u00f3 de cada etapa.<\/strong><\/p>\n\n\n\n<p>Les persones participants que disposin de la targeta federativa FEEC de l\u2019any vigent, cal que la portin i presentin el dia del Tomb Oriental Vall\u00e8s<\/p>\n\n\n\n<p>.Les persones participants, sigui quina sigui la seva situaci\u00f3, despr\u00e9s de fer l\u2019ingr\u00e9s corresponent, han d\u2019enviar les dades sol.licitades al correu electr\u00f2nic de l\u2019Organitzaci\u00f3, per una millor portada a terme del Tomb Oriental&nbsp; Vall\u00e8s.<\/p>\n","protected":false},"excerpt":{"rendered":"<p>Inscripcions Etapa 1 Obertes 28\/11\/2021 PRESENTACI\u00d3 El Tomb per l\u2019Oriental Vall\u00e8s (TOV), \u00e9s un repte excursionista amb el suport d&#8217;entitats p\u00fabliques i privades, format per<\/p>\n","protected":false},"author":1,"featured_media":0,"parent":0,"menu_order":0,"comment_status":"closed","ping_status":"closed","template":"","meta":{"footnotes":""},"class_list":["post-68","page","type-page","status-publish","hentry"],"_links":{"self":[{"href":"http:\/\/uecvalltenes.com\/web\/wp-json\/wp\/v2\/pages\/68","targetHints":{"allow":["GET"]}}],"collection":[{"href":"http:\/\/uecvalltenes.com\/web\/wp-json\/wp\/v2\/pages"}],"about":[{"href":"http:\/\/uecvalltenes.com\/web\/wp-json\/wp\/v2\/types\/page"}],"author":[{"embeddable":true,"href":"http:\/\/uecvalltenes.com\/web\/wp-json\/wp\/v2\/users\/1"}],"replies":[{"embeddable":true,"href":"http:\/\/uecvalltenes.com\/web\/wp-json\/wp\/v2\/comments?post=68"}],"version-history":[{"count":5,"href":"http:\/\/uecvalltenes.com\/web\/wp-json\/wp\/v2\/pages\/68\/revisions"}],"predecessor-version":[{"id":96,"href":"http:\/\/uecvalltenes.com\/web\/wp-json\/wp\/v2\/pages\/68\/revisions\/96"}],"wp:attachment":[{"href":"http:\/\/uecvalltenes.com\/web\/wp-json\/wp\/v2\/media?parent=68"}],"curies":[{"name":"wp","href":"https:\/\/api.w.org\/{rel}","templated":true}]}}